/9)/(-7))/((-2)/(-18)). Suppose 0 = i*y + 9 - 15. Suppose 20 = d + y. List the prime factors of d.
2, 3
Let c = -14 - -19. Suppose 0 = s - 5*b - 0 + 7, 0 = -3*s + c*b - 21. Let x(f) = f**3 + 6*f**2 - 15*f - 5. What are the prime factors of x(s)?
3, 17
Let u = 10434 + 4969. What are the prime factors of u?
73, 211
Suppose -2*f + 7*q + 1382 = 9*q, q + 1 = 0. Suppose 5*g = -2*l + f, 0*g + g = 2*l + 148. List the prime factors of g.
2, 5, 7
Let x = 138 - -2696. What are the prime factors of x?
2, 13, 109
Let z be ((-6)/8)/((-1)/4). Let a(s) = 8*s**2 + s - 2*s**3 + z*s + s**3. What are the prime factors of a(8)?
2
Suppose 5*l = 3*a + 10922, 4*l + 100*a - 8782 = 95*a. List the prime factors of l.
2, 547
Let w be 4/(-5) + 1 + 29/5. Let g be (-40)/w*(-60)/16. Let d = g + 38. What are the prime factors of d?
3, 7
Let c(k) = 65*k - 117. Suppose 5*u - 10 = 0, 12*u - 9*u - 54 = -3*h. List the prime factors of c(h).
13, 71
Let o(r) = r**2 + 13*r + 317. Let i be o(-55). Let d = i + -1177. List the prime factors of d.
2, 5, 29
Suppose 0 = 40*d + 441688 - 1608648. What are the prime factors of d?
2, 29, 503
Let s = -25982 - -37659. List the prime factors of s.
11677
Suppose 0 = -29*r + 31066 + 458701 + 13267. List the prime factors of r.
2, 3, 7, 59
Let x = -740 - -476. Let o = x - -644. Suppose -5*f = -5*i - o, -i - 149 = -2*f - 0*i. List the prime factors of f.
73
Let q(h) = -3*h**2 + 32*h + 11. Let n be q(11). Let m be (-21)/(-6) - 18/12. Suppose n = m*p - 3*p + 51. List the prime factors of p.
3, 17
Let d = -373 + 1459. Suppose -b = 3*w - 1629, 4*w = 2*w - 4*b + d. What are the prime factors of w?
3, 181
Suppose o - 405 + 72 = 0. Suppose -393 = -6*w + o. List the prime factors of w.
11
Suppose 0*p - 2*p - 2 = 0, -z - 3786 = 2*p. Suppose 0 = 854*h - 855*h - 10. What are the prime factors of (-4)/h + z/(-40)?
5, 19
Let s(d) = -d**3 - 75*d**2 - 419*d - 351. Let j be s(-69). Let t(r) = -2*r + r**3 + 2*r + 8*r**2 + 25. What are the prime factors of t(j)?
97
List the prime factors of ((-108)/126)/(18/(-234318)).
2, 7, 797
Suppose 2*l - 7*l = -140. Suppose 40 = h - l. Let o = 112 - h. What are the prime factors of o?
2, 11
Let g(x) = 2*x + 25. Let v be g(-10). Let b(m) = -m**3 + 7*m**2 - 9*m - 3. Let o be b(v). Suppose -115 = -3*t + 5*p, -3*p + o = 17. List the prime factors of t.
2, 3, 5
Let x(s) = -4*s + 24. Let w be x(6). Suppose -5*v - 5*m = -w*m, 5*v - 5*m = 30. Suppose -v*p = -6*p + 303. What are the prime factors of p?
101
Suppose 3*i - 7 = -2*f, 4*f - 7 = -5*i + 4. Suppose 7*v - 219 = 2*v - i*s, -3*v + s + 123 = 0. Suppose 9*u + v = 12*u. List the prime factors of u.
2, 7
Let n(a) be the third derivative of a**5/5 + a**4/4 + 17*a**3/3 + 6*a**2 - 3. List the prime factors of n(-8).
2, 13, 29
Suppose 5*q = -15 + 35. Suppose 12 = 3*m, -803 = -4*u - q*m + 2861. What are the prime factors of u?
2, 3, 19
Suppose -18*x = -3*x - 75. Suppose -5*p + 2*s - 32 = -0*s, 0 = -2*p + x*s + 4. Let j(d) = -d**3 - 6*d**2 - 7*d - 14. List the prime factors of j(p).
2, 5, 17
Suppose 5116 = -4*s + z, 774 + 3052 = -3*s - 2*z. List the prime factors of (s/27 + -5)*-3.
157
Let q(n) = 2*n**2 + 5*n + 10. Suppose -h = -h + 3*h. Suppose h = s + c, -s + 3*s = -3*c + 4. List the prime factors of q(s).
2, 11
Let o be (-10)/(-6)*(60 + -57). Suppose -229 = -2*w - o*l, -7*l + 9*l - 113 = -w. What are the prime factors of w?
107
Let u = 2740 - 506. Suppose 2226 = 4*d + r, -d - 3*d - 5*r = -u. List the prime factors of d.
2, 139
Let a(w) = 44*w + 126. Let k(m) = -14*m - 42. Let b(h) = 3*a(h) + 8*k(h). List the prime factors of b(20).
2, 13, 17
Suppose -3*r + 13521 + 9686 = c, -46439 = -2*c - r. List the prime factors of c.
2, 17, 683
Let y(o) = 12*o - 6. Suppose 0 = -4*a + 5*v + 6, 0 = 4*a - 0*a - 2*v. Let l be y(a). List the prime factors of l/(-7) + -2 + 2079/49.
43
Let m(b) = -b**2 - 4*b + 40. Let p be m(-9). Let t(r) = -35*r**3 - 8*r**2 - 11*r - 2. Let l be t(p). List the prime factors of (-1 - 2)/3 - l/(-14).
7, 43
Let s = -15516 + 21520. List the prime factors of s.
2, 19, 79
Let p(c) = -198*c**3 + 9*c**2 - 44*c - 48. What are the prime factors of p(-7)?
5, 13723
What are the prime factors of (1/(2/(-17)))/(30*19/(-4390140))?
17, 3851
Let c(x) = x**3 + 23*x**2 - 26*x - 45. Let n be c(-24). Suppose 5*g + 18*f = 21*f + 2095, 1649 = 4*g + n*f. What are the prime factors of g?
2, 13
Suppose 10 = 5*q, -q = -5*f - 669 - 738. Let h = 889 + f. List the prime factors of h.
2, 19
Let x be 22/99 + 1 + (-4)/18. Suppose -4 = -j - x. Suppose 0 = -j*z - 3 + 87. What are the prime factors of z?
2, 7
Suppose -2*k + m = 4*m - 16, 2*m = -k + 6. Let z = 14 - k. What are the prime factors of z - (-2 + 1)/((-3)/(-303))?
101
Let b = -219 - -239. Suppose -b*w - 336 + 1296 = 0. List the prime factors of w.
2, 3
Suppose -4*z - 3*m - 2*m + 3524 = 0, 3*z = 3*m + 2616. Let p = z - 596. What are the prime factors of (p/21)/((-2)/(-3))?
2, 5
Suppose 19 = z - 2*r - 3*r, 0 = z + r - 25. List the prime factors of (4/z)/((-3)/(-15966)).
887
Suppose 0 = -6*a + a + 5*h - 10, -2*h = 5*a + 38. List the prime factors of ((13587/a)/(-7))/((-3)/(-6)).
647
Suppose 0 = 2*c - 3*c - d + 3, 3*c - 4*d - 2 = 0. Suppose c*i + 0 - 4 = 0. Suppose i*s = -5*v + 60, s - 60 = -s - 4*v. List the prime factors of s.
2, 3, 5
Let m = -4883 - -11396. List the prime factors of m.
3, 13, 167
Suppose -2*v - 1084 = -7019 - 7769. List the prime factors of v.
2, 3, 571
Suppose -5*n - 2*z = -103047, -20637 = -n - 245*z + 240*z. What are the prime factors of n?
3, 6869
Let n(g) = -6*g + 16 + 5*g - 15*g - 24*g. What are the prime factors of n(-14)?
2, 3
Let c be ((-2)/(-8))/((-11)/308). Let l(w) = -w**3 - w**2 - 6*w - 7. List the prime factors of l(c).
7, 47
Let q be ((-6)/(-15))/(5/(-100)*-4). Suppose q*l - 75 = m, -3*m - 183 + 28 = -4*l. Suppose 0 = 9*u - 14*u + l. What are the prime factors of u?
7
Let g = 401 - 398. Suppose -5*c + 1215 = 4*h - 434, c - g*h - 326 = 0. What are the prime factors of c?
7, 47
Suppose 19*i - 2200 = 63*i. List the prime factors of i/30*24/(-20).
2
Let c(h) = 5*h**2 - 25*h + 14. Let w be c(4). List the prime factors of (-8)/w*(-291)/(-2).
2, 97
Let n(w) = 3*w - 42. Let r be n(16). What are the prime factors of 64/2*(-12)/r*-2?
2
Let z(q) = q**3 - 21*q + 12*q + 6*q + 17*q**2 + 0*q**3 - 41. What are the prime factors of z(-12)?
5, 11, 13
Let a be 3/(((-6)/(-21))/((-16)/(-6))). What are the prime factors of -1 + 2 - (-7504)/a?
269
Let p(f) = 16*f**2 + 100*f + 217. List the prime factors of p(-33).
14341
Suppose 0 = -f + 191*k - 186*k + 6271, -3*f - 2*k = -18864. List the prime factors of f.
2, 7, 449
Let z(j) = 5*j**3 - 5*j**2 + 2*j - 37. Let d = 118 + -112. List the prime factors of z(d).
5, 7
Let c(p) be the third derivative of p**5/60 - 3*p**4/2 - 8*p**3/3 - 20*p**2. Let b be c(25). Let s = 446 + b. What are the prime factors of s?
5, 31
Suppose 48 = 11*b - 40. What are the prime factors of 9/36*b - -1894?
2, 3, 79
Suppose -440 - 1279 = -3*u. Let j = u - 807. Let h = -148 - j. What are the prime factors of h?
2, 43
Let t(l) = l**3 - 4*l**2 - 4*l - 4. Let v be t(4). Suppose 4*q = 30 - 10, -4*b + 27 = -5*q. Let g = b - v. What are the prime factors of g?
3, 11
What are the prime factors of (7 - 38267/(-17)) + -8*1?
2, 3, 5
Let h = 43 - -8. Let t = h + 31. List the prime factors of t.
2, 41
List the prime factors of (-935182)/(-46) - 201/4623.
2, 5, 19, 107
Suppose -5*r + 107773 = -6*z, -2*r + 6*r = 5*z + 86218. What are the prime factors of r?
21557
Let z(g) = 3048*g - 509. List the prime factors of z(28).
5, 19, 47
Suppose -9 + 25 = -x. Suppose -k - 184 - 307 = -4*d, -5*k = -d + 118. List the prime factors of (-12)/x - 6*d/(-8).
3, 31
Let q(s) = -16*s + 106. Let r be q(-14). Suppose -5*m = 3*d - 9, d + 3*m - 5 = 2*m. Suppose d*p = -2 + r. What are the prime factors of p?
41
Let y be (-1)/(3 - 125/40). List the prime factors of 3 - (-195)/2*(y + -6).
2, 3, 11
Suppose 127*o - 130*o = -1704. Suppose 0 = 5*b - 5*k + 2*k - 721, -2*k = 4*b - o. What are the prime factors of b?
11, 13
Suppose -3*z + 3*x + 30 = -4*z, 2*z - x + 60 = 0. List the prime factors of 7700/24 - 5/z.
3, 107
Let j(k) = -2*k**2 + 17*k - 20. Let s(h) = 3*h**2 - 16*h + 20. Let a(f) = 5*j(f) + 6*s(f). List the prime factors of a(6).
2, 11
Suppose -2*f + 12*u